{"id":9189,"date":"2022-02-14T11:49:00","date_gmt":"2022-02-14T10:49:00","guid":{"rendered":"http:\/\/www.ff-seebenstein.at\/?post_type=einsatz&#038;p=9189"},"modified":"2022-02-17T13:04:13","modified_gmt":"2022-02-17T12:04:13","slug":"tus-alarm-bei-der-deponie-b1-2","status":"publish","type":"einsatz","link":"https:\/\/www.ff-seebenstein.at\/?einsatz=tus-alarm-bei-der-deponie-b1-2","title":{"rendered":"TUS-Alarm bei der Deponie (B1)"},"content":{"rendered":"<p>Am Montag, 14.02.2022, kurz vor Mittag wurde die Feuerwehr Seebenstein mittels Pager und SMS zu einem TUS-Alarm alarmiert. Einsatzort war die Steinthal Deponie. Unverz\u00fcglich machten sich 6 Kameraden mit dem R\u00fcstl\u00f6schfahrzeug auf den Weg. Vor Ort konnte zum Gl\u00fcck ein T\u00e4uschungsalarm festgestellt werden. Nach R\u00fcckstellung der Brandmeldeanlage und R\u00fccksprache konnte wieder ins Feuerwehrhaus einger\u00fcckt werden.<\/p>\n<p>&nbsp;<\/p>\n","protected":false},"author":12,"featured_media":9190,"template":"","meta":{"colormag_page_container_layout":"default_layout","colormag_page_sidebar_layout":"default_layout","ngg_post_thumbnail":0,"einsatz_weight":1,"footnotes":""},"categories":[4],"tags":[],"einsatzart":[],"fahrzeug":[23],"exteinsatzmittel":[],"alarmierungsart":[],"evw_unit":[],"class_list":["post-9189","einsatz","type-einsatz","status-publish","has-post-thumbnail","hentry","category-einsatze","fahrzeug-rlfa2000"],"_links":{"self":[{"href":"https:\/\/www.ff-seebenstein.at\/index.php?rest_route=\/wp\/v2\/einsatz\/9189","targetHints":{"allow":["GET"]}}],"collection":[{"href":"https:\/\/www.ff-seebenstein.at\/index.php?rest_route=\/wp\/v2\/einsatz"}],"about":[{"href":"https:\/\/www.ff-seebenstein.at\/index.php?rest_route=\/wp\/v2\/types\/einsatz"}],"author":[{"embeddable":true,"href":"https:\/\/www.ff-seebenstein.at\/index.php?rest_route=\/wp\/v2\/users\/12"}],"version-history":[{"count":1,"href":"https:\/\/www.ff-seebenstein.at\/index.php?rest_route=\/wp\/v2\/einsatz\/9189\/revisions"}],"predecessor-version":[{"id":9191,"href":"https:\/\/www.ff-seebenstein.at\/index.php?rest_route=\/wp\/v2\/einsatz\/9189\/revisions\/9191"}],"wp:featuredmedia":[{"embeddable":true,"href":"https:\/\/www.ff-seebenstein.at\/index.php?rest_route=\/wp\/v2\/media\/9190"}],"wp:attachment":[{"href":"https:\/\/www.ff-seebenstein.at\/index.php?rest_route=%2Fwp%2Fv2%2Fmedia&parent=9189"}],"wp:term":[{"taxonomy":"category","embeddable":true,"href":"https:\/\/www.ff-seebenstein.at\/index.php?rest_route=%2Fwp%2Fv2%2Fcategories&post=9189"},{"taxonomy":"post_tag","embeddable":true,"href":"https:\/\/www.ff-seebenstein.at\/index.php?rest_route=%2Fwp%2Fv2%2Ftags&post=9189"},{"taxonomy":"einsatzart","embeddable":true,"href":"https:\/\/www.ff-seebenstein.at\/index.php?rest_route=%2Fwp%2Fv2%2Feinsatzart&post=9189"},{"taxonomy":"fahrzeug","embeddable":true,"href":"https:\/\/www.ff-seebenstein.at\/index.php?rest_route=%2Fwp%2Fv2%2Ffahrzeug&post=9189"},{"taxonomy":"exteinsatzmittel","embeddable":true,"href":"https:\/\/www.ff-seebenstein.at\/index.php?rest_route=%2Fwp%2Fv2%2Fexteinsatzmittel&post=9189"},{"taxonomy":"alarmierungsart","embeddable":true,"href":"https:\/\/www.ff-seebenstein.at\/index.php?rest_route=%2Fwp%2Fv2%2Falarmierungsart&post=9189"},{"taxonomy":"evw_unit","embeddable":true,"href":"https:\/\/www.ff-seebenstein.at\/index.php?rest_route=%2Fwp%2Fv2%2Fevw_unit&post=9189"}],"curies":[{"name":"wp","href":"https:\/\/api.w.org\/{rel}","templated":true}]}}

<p>Am Montag, 14.02.2022, kurz vor Mittag wurde die Feuerwehr Seebenstein mittels Pager und SMS zu einem TUS-Alarm alarmiert. Einsatzort war die Steinthal Deponie. Unverzüglich machten sich 6 Kameraden mit dem Rüstlöschfahrzeug auf den Weg. Vor Ort konnte zum Glück ein Täuschungsalarm festgestellt werden. Nach Rückstellung der Brandmeldeanlage und Rücksprache konnte wieder ins Feuerwehrhaus eingerückt werden.</p>
<p>&nbsp;</p>
