{"id":9284,"date":"2022-03-22T13:18:00","date_gmt":"2022-03-22T12:18:00","guid":{"rendered":"http:\/\/www.ff-seebenstein.at\/?post_type=einsatz&#038;p=9284"},"modified":"2022-03-23T13:22:24","modified_gmt":"2022-03-23T12:22:24","slug":"waldbrand-im-foehrenwald-bei-foehrenau-b2","status":"publish","type":"einsatz","link":"https:\/\/www.ff-seebenstein.at\/?einsatz=waldbrand-im-foehrenwald-bei-foehrenau-b2","title":{"rendered":"Waldbrand im F\u00f6hrenwald bei F\u00f6hrenau (B2)"},"content":{"rendered":"<p>Am Dienstag, dem 22.03.2022 sind um die Mittagszeit im Umkreis viele Feuerwehren alarmiert worden zum Waldbrand im F\u00f6hrenwald, so auch die Feuerwehr Seebenstein. Von uns sind 6 Kameraden mit Wechsellader (WLF-A) und 10.000l Tank, sowie unserem Kleinl\u00f6schfahrzeug (KLF) ausger\u00fcckt. Vor Ort brannte eine etwa 2Ha gro\u00dfe Fl\u00e4che in der N\u00e4he der B54.&nbsp; Das KLF wurde an der Stra\u00dfe eingesetzt, um von einem Hydranten das Wasser weiter in den Wald zum Tank Pitten zu pumpen. Gleichzeitig wurden Schlauchleitungen aufgebaut. Unser WLF war zur Wasserversorgung im Pendelverkehr unterwegs.&nbsp;<\/p>\n<p>Insgesamt standen 10 Feuerwehren mit \u00fcber 100 Mitgliedern im Einsatz. Um 16 Uhr konnte &#8222;Brand aus&#8220; gegeben werden und die Schl\u00e4uche und weiteres Material wurde eingesammelt und im Feuerwehrhaus gereinigt und getrocknet.<\/p>\n<p>&nbsp;<\/p>\n<p>Fotos: <a href=\"http:\/\/www.einsatzdoku.at\">Einsatzdoku<\/a> und FF-Seebenstein<\/p>\nngg_shortcode_0_placeholder\n","protected":false},"author":12,"featured_media":9285,"template":"","meta":{"colormag_page_container_layout":"default_layout","colormag_page_sidebar_layout":"default_layout","ngg_post_thumbnail":0,"einsatz_weight":1,"footnotes":""},"categories":[4],"tags":[],"einsatzart":[],"fahrzeug":[39,24],"exteinsatzmittel":[],"alarmierungsart":[],"evw_unit":[],"class_list":["post-9284","einsatz","type-einsatz","status-publish","has-post-thumbnail","hentry","category-einsatze","fahrzeug-klf","fahrzeug-wlf"],"_links":{"self":[{"href":"https:\/\/www.ff-seebenstein.at\/index.php?rest_route=\/wp\/v2\/einsatz\/9284","targetHints":{"allow":["GET"]}}],"collection":[{"href":"https:\/\/www.ff-seebenstein.at\/index.php?rest_route=\/wp\/v2\/einsatz"}],"about":[{"href":"https:\/\/www.ff-seebenstein.at\/index.php?rest_route=\/wp\/v2\/types\/einsatz"}],"author":[{"embeddable":true,"href":"https:\/\/www.ff-seebenstein.at\/index.php?rest_route=\/wp\/v2\/users\/12"}],"version-history":[{"count":2,"href":"https:\/\/www.ff-seebenstein.at\/index.php?rest_route=\/wp\/v2\/einsatz\/9284\/revisions"}],"predecessor-version":[{"id":9303,"href":"https:\/\/www.ff-seebenstein.at\/index.php?rest_route=\/wp\/v2\/einsatz\/9284\/revisions\/9303"}],"wp:featuredmedia":[{"embeddable":true,"href":"https:\/\/www.ff-seebenstein.at\/index.php?rest_route=\/wp\/v2\/media\/9285"}],"wp:attachment":[{"href":"https:\/\/www.ff-seebenstein.at\/index.php?rest_route=%2Fwp%2Fv2%2Fmedia&parent=9284"}],"wp:term":[{"taxonomy":"category","embeddable":true,"href":"https:\/\/www.ff-seebenstein.at\/index.php?rest_route=%2Fwp%2Fv2%2Fcategories&post=9284"},{"taxonomy":"post_tag","embeddable":true,"href":"https:\/\/www.ff-seebenstein.at\/index.php?rest_route=%2Fwp%2Fv2%2Ftags&post=9284"},{"taxonomy":"einsatzart","embeddable":true,"href":"https:\/\/www.ff-seebenstein.at\/index.php?rest_route=%2Fwp%2Fv2%2Feinsatzart&post=9284"},{"taxonomy":"fahrzeug","embeddable":true,"href":"https:\/\/www.ff-seebenstein.at\/index.php?rest_route=%2Fwp%2Fv2%2Ffahrzeug&post=9284"},{"taxonomy":"exteinsatzmittel","embeddable":true,"href":"https:\/\/www.ff-seebenstein.at\/index.php?rest_route=%2Fwp%2Fv2%2Fexteinsatzmittel&post=9284"},{"taxonomy":"alarmierungsart","embeddable":true,"href":"https:\/\/www.ff-seebenstein.at\/index.php?rest_route=%2Fwp%2Fv2%2Falarmierungsart&post=9284"},{"taxonomy":"evw_unit","embeddable":true,"href":"https:\/\/www.ff-seebenstein.at\/index.php?rest_route=%2Fwp%2Fv2%2Fevw_unit&post=9284"}],"curies":[{"name":"wp","href":"https:\/\/api.w.org\/{rel}","templated":true}]}}

Waldbrand im Föhrenwald bei Föhrenau (B2)

<p>Am Dienstag, dem 22.03.2022 sind um die Mittagszeit im Umkreis viele Feuerwehren alarmiert worden zum Waldbrand im Föhrenwald, so auch die Feuerwehr Seebenstein. Von uns sind 6 Kameraden mit Wechsellader (WLF-A) und 10.000l Tank, sowie unserem Kleinlöschfahrzeug (KLF) ausgerückt. Vor Ort brannte eine etwa 2Ha große Fläche in der Nähe der B54.&nbsp; Das KLF wurde an der Straße eingesetzt, um von einem Hydranten das Wasser weiter in den Wald zum Tank Pitten zu pumpen. Gleichzeitig wurden Schlauchleitungen aufgebaut. Unser WLF war zur Wasserversorgung im Pendelverkehr unterwegs.&nbsp;</p>
<p>Insgesamt standen 10 Feuerwehren mit über 100 Mitgliedern im Einsatz. Um 16 Uhr konnte &#8222;Brand aus&#8220; gegeben werden und die Schläuche und weiteres Material wurde eingesammelt und im Feuerwehrhaus gereinigt und getrocknet.</p>
<p>&nbsp;</p>
<p>Fotos: <a href="http://www.einsatzdoku.at">Einsatzdoku</a> und FF-Seebenstein</p>
ngg_shortcode_0_placeholder
