{"id":9566,"date":"2022-07-23T10:10:00","date_gmt":"2022-07-23T08:10:00","guid":{"rendered":"http:\/\/www.ff-seebenstein.at\/?post_type=einsatz&#038;p=9566"},"modified":"2022-07-23T10:10:39","modified_gmt":"2022-07-23T08:10:39","slug":"wasserversorgung-und-insekteneinsatz-am-mittwoch-t1","status":"publish","type":"einsatz","link":"https:\/\/www.ff-seebenstein.at\/?einsatz=wasserversorgung-und-insekteneinsatz-am-mittwoch-t1","title":{"rendered":"Wasserversorgung und Insekteneinsatz am Mittwoch (T1)"},"content":{"rendered":"<p>Am 20.07.2022 ist die Feuerwehr Seebenstein mit Kran und 10.000l Tank mit weiteren Feuerwehren im F\u00f6hrenwald gewesen. Dort wurden mobile Falttanks aufgestellt, diese wurden unter anderem durch uns gef\u00fcllt. Insgesamt haben wir 20.000l Wasser eingebracht. Momentan gibt es jeden Tag Brandsicherheitswachen im F\u00f6hrenwald um einen Waldbrand zu verhindern bzw. rechtzeitig zu entdecken und abzul\u00f6schen.<\/p>\n<p>Am fr\u00fchen Abend gab es noch einen Insekteneinsatz. Ein Wespennest wurde an einem Balkon in Schiltern entfernt.<\/p>\nngg_shortcode_0_placeholder\n","protected":false},"author":12,"featured_media":9567,"template":"","meta":{"colormag_page_container_layout":"default_layout","colormag_page_sidebar_layout":"default_layout","ngg_post_thumbnail":0,"einsatz_weight":1,"footnotes":""},"categories":[4],"tags":[],"einsatzart":[],"fahrzeug":[],"exteinsatzmittel":[],"alarmierungsart":[],"evw_unit":[],"class_list":["post-9566","einsatz","type-einsatz","status-publish","has-post-thumbnail","hentry","category-einsatze"],"_links":{"self":[{"href":"https:\/\/www.ff-seebenstein.at\/index.php?rest_route=\/wp\/v2\/einsatz\/9566","targetHints":{"allow":["GET"]}}],"collection":[{"href":"https:\/\/www.ff-seebenstein.at\/index.php?rest_route=\/wp\/v2\/einsatz"}],"about":[{"href":"https:\/\/www.ff-seebenstein.at\/index.php?rest_route=\/wp\/v2\/types\/einsatz"}],"author":[{"embeddable":true,"href":"https:\/\/www.ff-seebenstein.at\/index.php?rest_route=\/wp\/v2\/users\/12"}],"version-history":[{"count":1,"href":"https:\/\/www.ff-seebenstein.at\/index.php?rest_route=\/wp\/v2\/einsatz\/9566\/revisions"}],"predecessor-version":[{"id":9577,"href":"https:\/\/www.ff-seebenstein.at\/index.php?rest_route=\/wp\/v2\/einsatz\/9566\/revisions\/9577"}],"wp:featuredmedia":[{"embeddable":true,"href":"https:\/\/www.ff-seebenstein.at\/index.php?rest_route=\/wp\/v2\/media\/9567"}],"wp:attachment":[{"href":"https:\/\/www.ff-seebenstein.at\/index.php?rest_route=%2Fwp%2Fv2%2Fmedia&parent=9566"}],"wp:term":[{"taxonomy":"category","embeddable":true,"href":"https:\/\/www.ff-seebenstein.at\/index.php?rest_route=%2Fwp%2Fv2%2Fcategories&post=9566"},{"taxonomy":"post_tag","embeddable":true,"href":"https:\/\/www.ff-seebenstein.at\/index.php?rest_route=%2Fwp%2Fv2%2Ftags&post=9566"},{"taxonomy":"einsatzart","embeddable":true,"href":"https:\/\/www.ff-seebenstein.at\/index.php?rest_route=%2Fwp%2Fv2%2Feinsatzart&post=9566"},{"taxonomy":"fahrzeug","embeddable":true,"href":"https:\/\/www.ff-seebenstein.at\/index.php?rest_route=%2Fwp%2Fv2%2Ffahrzeug&post=9566"},{"taxonomy":"exteinsatzmittel","embeddable":true,"href":"https:\/\/www.ff-seebenstein.at\/index.php?rest_route=%2Fwp%2Fv2%2Fexteinsatzmittel&post=9566"},{"taxonomy":"alarmierungsart","embeddable":true,"href":"https:\/\/www.ff-seebenstein.at\/index.php?rest_route=%2Fwp%2Fv2%2Falarmierungsart&post=9566"},{"taxonomy":"evw_unit","embeddable":true,"href":"https:\/\/www.ff-seebenstein.at\/index.php?rest_route=%2Fwp%2Fv2%2Fevw_unit&post=9566"}],"curies":[{"name":"wp","href":"https:\/\/api.w.org\/{rel}","templated":true}]}}

<p>Am 20.07.2022 ist die Feuerwehr Seebenstein mit Kran und 10.000l Tank mit weiteren Feuerwehren im Föhrenwald gewesen. Dort wurden mobile Falttanks aufgestellt, diese wurden unter anderem durch uns gefüllt. Insgesamt haben wir 20.000l Wasser eingebracht. Momentan gibt es jeden Tag Brandsicherheitswachen im Föhrenwald um einen Waldbrand zu verhindern bzw. rechtzeitig zu entdecken und abzulöschen.</p>
<p>Am frühen Abend gab es noch einen Insekteneinsatz. Ein Wespennest wurde an einem Balkon in Schiltern entfernt.</p>
ngg_shortcode_0_placeholder
