{"id":11484,"date":"2025-11-18T21:13:58","date_gmt":"2025-11-18T20:13:58","guid":{"rendered":"https:\/\/www.ff-seebenstein.at\/?post_type=tribe_events&#038;p=11484"},"modified":"2025-11-18T21:13:58","modified_gmt":"2025-11-18T20:13:58","slug":"feuerloescher-ueberpruefung-im-ff-haus","status":"publish","type":"tribe_events","link":"https:\/\/www.ff-seebenstein.at\/?tribe_events=feuerloescher-ueberpruefung-im-ff-haus","title":{"rendered":"Feuerl\u00f6scher \u00dcberpr\u00fcfung im FF-Haus"},"content":{"rendered":"<p>Am 22.11.2025 von 8-12 Uhr gibt es wieder die M\u00f6glichkeit die Feuerl\u00f6scher \u00fcberpr\u00fcfen zu lassen. Jeder Feuerl\u00f6scher muss alle zwei Jahre gepr\u00fcft werden, ersichtbar am Pr\u00fcfpickerl.<\/p>\n<p><a href=\"https:\/\/www.ff-seebenstein.at\/wp-content\/uploads\/2025\/11\/feuerloescher_Aktion.jpg\"><img loading=\"lazy\" decoding=\"async\" class=\"alignnone size-medium wp-image-11482\" src=\"https:\/\/www.ff-seebenstein.at\/wp-content\/uploads\/2025\/11\/feuerloescher_Aktion-207x300.jpg\" alt=\"\" width=\"207\" height=\"300\"><\/a><\/p>\n","protected":false},"excerpt":{"rendered":"<p>Am 22.11.2025 von 8-12 Uhr gibt es wieder die M\u00f6glichkeit die Feuerl\u00f6scher \u00fcberpr\u00fcfen zu lassen. Jeder Feuerl\u00f6scher muss alle zwei<\/p>\n","protected":false},"author":12,"featured_media":0,"template":"","meta":{"colormag_page_container_layout":"default_layout","colormag_page_sidebar_layout":"default_layout","ngg_post_thumbnail":0,"_tribe_events_status":"","_tribe_events_status_reason":"","footnotes":""},"tags":[],"tribe_events_cat":[],"class_list":["post-11484","tribe_events","type-tribe_events","status-publish","hentry"],"_links":{"self":[{"href":"https:\/\/www.ff-seebenstein.at\/index.php?rest_route=\/wp\/v2\/tribe_events\/11484","targetHints":{"allow":["GET"]}}],"collection":[{"href":"https:\/\/www.ff-seebenstein.at\/index.php?rest_route=\/wp\/v2\/tribe_events"}],"about":[{"href":"https:\/\/www.ff-seebenstein.at\/index.php?rest_route=\/wp\/v2\/types\/tribe_events"}],"author":[{"embeddable":true,"href":"https:\/\/www.ff-seebenstein.at\/index.php?rest_route=\/wp\/v2\/users\/12"}],"version-history":[{"count":1,"href":"https:\/\/www.ff-seebenstein.at\/index.php?rest_route=\/wp\/v2\/tribe_events\/11484\/revisions"}],"predecessor-version":[{"id":11485,"href":"https:\/\/www.ff-seebenstein.at\/index.php?rest_route=\/wp\/v2\/tribe_events\/11484\/revisions\/11485"}],"wp:attachment":[{"href":"https:\/\/www.ff-seebenstein.at\/index.php?rest_route=%2Fwp%2Fv2%2Fmedia&parent=11484"}],"wp:term":[{"taxonomy":"post_tag","embeddable":true,"href":"https:\/\/www.ff-seebenstein.at\/index.php?rest_route=%2Fwp%2Fv2%2Ftags&post=11484"},{"taxonomy":"tribe_events_cat","embeddable":true,"href":"https:\/\/www.ff-seebenstein.at\/index.php?rest_route=%2Fwp%2Fv2%2Ftribe_events_cat&post=11484"}],"curies":[{"name":"wp","href":"https:\/\/api.w.org\/{rel}","templated":true}]}}

Feuerlöscher Überprüfung im FF-Haus

<p>Am 22.11.2025 von 8-12 Uhr gibt es wieder die Möglichkeit die Feuerlöscher überprüfen zu lassen. Jeder Feuerlöscher muss alle zwei Jahre geprüft werden, ersichtbar am Prüfpickerl.</p>
<p><a href="https://www.ff-seebenstein.at/wp-content/uploads/2025/11/feuerloescher_Aktion.jpg"><img loading="lazy" decoding="async" class="alignnone size-medium wp-image-11482" src="https://www.ff-seebenstein.at/wp-content/uploads/2025/11/feuerloescher_Aktion-207x300.jpg" alt="" width="207" height="300"></a></p>

<p>Am 22.11.2025 von 8-12 Uhr gibt es wieder die Möglichkeit die Feuerlöscher überprüfen zu lassen. Jeder Feuerlöscher muss alle zwei</p>
